{"id":32,"date":"2020-11-09T09:12:38","date_gmt":"2020-11-09T09:12:38","guid":{"rendered":"http:\/\/plocher-forst.de\/?page_id=32"},"modified":"2024-08-19T14:13:23","modified_gmt":"2024-08-19T14:13:23","slug":"plocher-forst-fuer-wald-und-baum","status":"publish","type":"page","link":"https:\/\/plocher-forst.de\/","title":{"rendered":"PLOCHER Forst, Waldpflege, Baumpflege, Forstwirtschaft"},"content":{"rendered":"<div  id=\"overlappable-4\" style=\"background-color: #ffffff;\" data-label=\"Overlappable\" data-id=\"overlappable-4\" data-export-id=\"overlappable-4\" data-category=\"overlappable\" class=\"overlappable-4 content-section content-section-spacing\" data-overlap=\"true\"><div  class=\"gridContainer\"> <div  data-type=\"row\" class=\"row spaced-cols text-center\"><div  class=\"col-xs-12 col-sm-4 col-padding\"> <i  class=\"fa icon shadow-large-black aligncenter color1 fa-tree reverse round large\"><\/i> <div  data-type=\"column\" class=\"\"> <h5  class=\"\">Aufforstung<\/h5> <p  class=\"\">Nachhaltigkeit \u2013 dieser Begriff wurde vor 200 Jahren in der Forstwirtschaft gepr\u00e4gt. Heute ist das Prinzip gesetzlich verankert.<br ><br >Geben Sie den Jungb\u00e4umen beste Startbedingungen mit \u2026 die PLOCHER-Produkte unterst\u00fctzen dabei nachhaltig!<\/p><\/div> <\/div> <div  class=\"col-xs-12 col-sm-4 col-padding\"> <i  class=\"fa icon shadow-large-black aligncenter color1 fa-exclamation-circle reverse round large\"><\/i> <div  data-type=\"column\" class=\"\"><h5  class=\"\">Baumpflege<\/h5> <p  class=\"\">Baumpflege = Bodenpflege = Wurzelpflege<br ><br >F\u00fcr die Baumvitalit\u00e4t ist der Sauerstoffgehalt im Boden ein wesentlicher Faktor, denn unter 12 % Sauerstoff f\u00fchrt bereits zur Sch\u00e4digung der Wurzeln und im schlimmsten Fall sogar zum Absterben<\/p><\/div> <\/div> <div  class=\"col-xs-12 col-sm-4 col-padding\"> <i  class=\"fa icon shadow-large-black aligncenter color1 fa-arrow-up reverse round large\"><\/i> <div  data-type=\"column\" class=\"\"><h5  class=\"\">Baumschulen<\/h5> <p  class=\"\">Mit den PLOCHER-Produkten f\u00fcr optimale Startbedingungen sorgen \u2013 mit Bodenhilfsmittel zur Wurzelpflege und Fl\u00e4chenkompostierung von Mulch, Laub etc. und Pflanzenhilfstoffen f\u00fcr eine gute Blatt- bzw. Nadelentwicklung.<\/p><\/div> <\/div><\/div> <\/div><\/div><div  data-label=\"Content\" data-id=\"content--1\" data-export-id=\"content-12\" data-category=\"content\" class=\"content-12 content-section content-section-spacing\" id=\"content-1\" style=\"background-color: rgb(245, 250, 253);\"><div  class=\"gridContainer\"> <div  class=\"row text-center\"><div  class=\"section-title-col\" data-type=\"column\"> <h2  class=\"\">Mit PLOCHER-Produkten Abhilfe schaffen<\/h2> <p  class=\"\"><\/p><h3  class=\"\">Aktuelle Studienreihe&nbsp;\n\n\n\n<br ><br > <div class=\"_df_book df-container df-loading \" id=\"df_87\"  title=\"plocher-wald-broschuere\" wpoptions=\"true\" thumbtype=\"bg\" ><\/div><script data-cfasync=\"false\">var option_df_87 = {\"outline\":[],\"forceFit\":\"true\",\"autoEnableOutline\":\"false\",\"autoEnableThumbnail\":\"false\",\"overwritePDFOutline\":\"false\",\"direction\":\"1\",\"pageMode\":\"0\",\"source\":\"http:\\\/\\\/plocher-forst.de\\\/wp-content\\\/uploads\\\/2022\\\/01\\\/plocher_broschuere_waldsterben_2022.pdf\",\"wpOptions\":\"true\"}; if(window.DFLIP && DFLIP.parseBooks){DFLIP.parseBooks();}<\/script>\n<br ><br >Flyer<br ><div class=\"_df_book df-container df-loading \" id=\"df_41\"  title=\"plocher-forst\" wpoptions=\"true\" thumbtype=\"bg\" ><\/div><script data-cfasync=\"false\">var option_df_41 = {\"outline\":[],\"forceFit\":\"true\",\"autoEnableOutline\":\"false\",\"autoEnableThumbnail\":\"false\",\"overwritePDFOutline\":\"false\",\"direction\":\"1\",\"pageMode\":\"0\",\"source\":\"https:\\\/\\\/plocher-forst.de\\\/wp-content\\\/uploads\\\/2020\\\/11\\\/plocher_flyer_waldboden_10_seitig_2024_web.pdf\",\"wpOptions\":\"true\"}; if(window.DFLIP && DFLIP.parseBooks){DFLIP.parseBooks();}<\/script> <br ><br ><br >\n<br ><br >\n<\/h3><\/div> <\/div> <div  class=\"row center-xs middle-xs\"> <div  class=\"col-sm-9\" data-type=\"column\"> <img  decoding=\"async\" class=\"shadow-large\" src=\"https:\/\/plocher-forst.de\/wp-content\/uploads\/2020\/11\/cropped-teaserbox_10952989.png\" alt=\"\" title=\"cropped-teaserbox_10952989.png\"><p  class=\"lead\"><\/p><div  class=\"diyw\"><div  class=\"diyweb\"><div  class=\"diywebContent\"><div  class=\"diywebLiveArea\"><div  class=\"diywebMainGutter\"><div  class=\"diyfeGridGroup diyfeCA diyfeCA1\"><div  class=\"diywebMain diyfeGE\"><div  class=\"diywebGutter\"><div  id=\"content_area\"><div  id=\"matrix_484660\" class=\"sortable-matrix\" data-matrixid=\"484660\"><div  class=\"n module-type-text diyfeLiveArea \"><p  style=\"line-height: 1.5em; margin-top: 8px; margin-bottom: 12px; color: rgb(51, 51, 51); font-family: Trebuchet MS, Arial, sans-serif; font-size: 13.6px;\"><span  style=\"font-size: 16px;\">Mit <a href=\"https:\/\/onlineshop-plocher.de\/index.php\/plocher-humusboden-me-10-l-1552.html\" target=\"_blank\" rel=\"noopener noreferrer\" class=\"\">plocher humusboden<\/a>\n erh\u00e4lt der Wurzelraum die n\u00f6tige Unterst\u00fctzung zur Revitalisierung des\nWaldbodens. Aktives Bodenleben f\u00f6rdert die Verrottung, dadurch werden \nSchadstoffe ganz nat\u00fcrlich abgebaut. Mineralien und Spurenelemente \nwerden durch das harmonische Zusammenspiel des Bodenlebens\ngebunden und dienen dann den B\u00e4umen als langsam flie\u00dfende \nN\u00e4hrstoffquelle.<\/span><\/p><p  style=\"line-height: 1.5em; margin-top: 8px; margin-bottom: 12px; color: rgb(51, 51, 51); font-family: Trebuchet MS, Arial, sans-serif; font-size: 13.6px;\"><span  style=\"font-size: 16px;\">Bodenluft-\n und\nWasserhaushalt regulieren sich. In einem Rotte- Bodenmilieu k\u00f6nnen \nF\u00e4ulnisgase, die die Wurzeln sch\u00e4digen, erst gar nicht entstehen. \nAktives Bodenleben tr\u00e4gt auch zur pH-Wert Regulierung\nbei.<\/span><\/p><p  style=\"line-height: 1.5em; margin-top: 8px; margin-bottom: 12px; color: rgb(51, 51, 51); font-family: Trebuchet MS, Arial, sans-serif; font-size: 13.6px;\"><span  style=\"font-size: 16px;\">Wichtig! Durch die\nOptimierung der Verrottung wird das Infektionspotential an Sch\u00e4dlingen (Pilzen, Viren usw.) aus dem Boden erheblich reduziert.<\/span><\/p><p  style=\"line-height: 1.5em; margin-top: 8px; margin-bottom: 12px; color: rgb(51, 51, 51); font-family: Trebuchet MS, Arial, sans-serif; font-size: 13.6px;\"><span  style=\"font-size: 16px;\">Die\nWurzelpilz-Symbiose (Mykorrhiza) ohne sie gedeihen die meisten B\u00e4ume nur\n schlecht \u2013 ist diese Symbiose zerst\u00f6rt wird es sehr schwer sein, \ngesunde W\u00e4lder aufzubauen und zu erhalten. Vielleicht sogar\nunm\u00f6glich! Wir haben also allen Grund, uns mit der Symbiose zwischen \nPilzen und B\u00e4umen intensiv zu befassen, damit wir alles Wichtige dar\u00fcber\n erfahren, bevor es zu sp\u00e4t ist und das Waldsterben diese\nLebensgrundlage vernichtet. Die Sch\u00e4den die an den Wurzelpilzen \nangerichtet werden, sind langfristig wohl bedeutsamer als die Sch\u00e4den, \ndie an den B\u00e4umen entstehen. Diese k\u00f6nnen sich regenerieren,\nwenn die Symbiose funktioniert. Ist diese aber zerst\u00f6rt, wird es sehr \nschwer sei, gesunde W\u00e4lder aufzubauen und zu erhalten. Vielleicht &nbsp;ist \ndies sogar unm\u00f6glich.<br >\n<br >\n\u2013 Prof. Dr.Josef Reichholf aus dem Buch: Leben und \u00dcberleben<\/span><br >\n&nbsp;<\/p><p  style=\"line-height: 1.5em; margin-top: 8px; margin-bottom: 12px; color: rgb(51, 51, 51); font-family: Trebuchet MS, Arial, sans-serif; font-size: 13.6px;\"><span  style=\"font-size: 16px;\">Wurzelpflege mit\n<a href=\"https:\/\/onlineshop-plocher.de\/index.php\/plocher-humusboden-me-10-l-1552.html\" target=\"_blank\" rel=\"noopener noreferrer\" class=\"\">plocher humusboden<\/a> kr\u00e4ftigt die B\u00e4ume<br >\n\u2013 Borkenk\u00e4fer &amp; Co haben keine Chancen.<\/span><\/p><\/div><\/div><\/div><\/div><\/div><\/div><\/div><\/div><\/div><\/div><\/div>\n\n\n\n<img  decoding=\"async\" class=\"custom-image\" src=\"https:\/\/plocher-forst.de\/wp-content\/uploads\/2020\/11\/teaserbox_10952842.jpg\" alt=\"\" title=\"teaserbox_10952842\"><p  class=\"lead\"><\/p><div  class=\"diyw\"><div  class=\"diyweb\"><div  class=\"diywebContent\"><div  class=\"diywebLiveArea\"><div  class=\"diywebMainGutter\"><div  class=\"diyfeGridGroup diyfeCA diyfeCA1\"><div  class=\"diywebMain diyfeGE\"><div  class=\"diywebGutter\"><div  id=\"content_area\"><div  id=\"matrix_484660\" class=\"sortable-matrix\" data-matrixid=\"484660\"><div  class=\"n module-type-text diyfeLiveArea \"><p  style=\"line-height: 1.5em; margin-top: 8px; margin-bottom: 12px; color: rgb(51, 51, 51); font-family: Trebuchet MS, Arial, sans-serif; font-size: 13.6px;\"><span  style=\"font-size: 16px;\">Zur\u00fcck auf den \u201eBoden\nder Tatsachen\u201c: Der Waldschadensbericht zeigt uns j\u00e4hrlich das Spiegelbild der Umweltsituation wieder.<\/span><\/p><p  style=\"line-height: 1.5em; margin-top: 8px; margin-bottom: 12px; color: rgb(51, 51, 51); font-family: Trebuchet MS, Arial, sans-serif; font-size: 13.6px;\"><span  style=\"font-size: 16px;\"><strong >J<\/strong>eder\nzweite&nbsp;Baum ist krank. Das geht aus dem Waldschadensbericht der \nBundesregierung hervor. Demnach weisen ca. 62 Prozent der B\u00e4ume in \ndeutschen W\u00e4ldern deutliche Sch\u00e4den auf. Nur noch 38 Prozent\nsind \u00e4u\u00dferlich unversehrt.<br >\nSiehe Anlage 1 unten.<\/span><\/p><p  style=\"line-height: 1.5em; margin-top: 8px; margin-bottom: 12px; color: rgb(51, 51, 51); font-family: Trebuchet MS, Arial, sans-serif; font-size: 13.6px;\"><span  style=\"font-size: 16px;\">Forstpolitik:\n \u201eIm\nMittelpunkt steht die St\u00e4rkung der Leistung des Waldes f\u00fcr den \nNaturhaushalt und die Gesellschaft \u2013 Gesunder Boden&nbsp; Gesunder Wald\u201c \n(BMELV).<\/span><\/p><p  style=\"line-height: 1.5em; margin-top: 8px; margin-bottom: 12px; color: rgb(51, 51, 51); font-family: Trebuchet MS, Arial, sans-serif; font-size: 13.6px;\"><span  style=\"font-size: 16px;\">Der\n Waldboden kann\nseine Aufgaben als Puffer, N\u00e4hrstoff- und Wasserspeicher nicht mehr \nerf\u00fcllen. Versauerung und Bodenverdichtung gilt es Einhalt zu bieten, \ndamit die Wurzeln wieder \u201edurchatmen\u201c k\u00f6nnen.<\/span><\/p><\/div><\/div><\/div><\/div><\/div><\/div><\/div><\/div><\/div><\/div><\/div>\n\n\n<h3  class=\"\">Dosierungsempfehlungen\n<br > <div class=\"_df_book df-container df-loading \" id=\"df_52\"  title=\"plocher-wald\" wpoptions=\"true\" thumbtype=\"bg\" ><\/div><script data-cfasync=\"false\">var option_df_52 = {\"outline\":[],\"forceFit\":\"true\",\"autoEnableOutline\":\"false\",\"autoEnableThumbnail\":\"false\",\"overwritePDFOutline\":\"false\",\"direction\":\"1\",\"pageMode\":\"0\",\"source\":\"https:\\\/\\\/plocher-forst.de\\\/wp-content\\\/uploads\\\/2020\\\/11\\\/Wald_Dosierempfehlungen.pdf\",\"wpOptions\":\"true\"}; if(window.DFLIP && DFLIP.parseBooks){DFLIP.parseBooks();}<\/script>\n<br ><br >\n<br >PLOCHER Wald f\u00fcr Kids\n<br ><br ><div class=\"_df_book df-container df-loading \" id=\"df_110\"  title=\"plocher-wald-fuer-kids\" wpoptions=\"true\" thumbtype=\"bg\" ><\/div><script data-cfasync=\"false\">var option_df_110 = {\"outline\":[],\"forceFit\":\"true\",\"autoEnableOutline\":\"false\",\"autoEnableThumbnail\":\"false\",\"overwritePDFOutline\":\"false\",\"direction\":\"1\",\"pageMode\":\"0\",\"source\":\"https:\\\/\\\/plocher-forst.de\\\/wp-content\\\/uploads\\\/2024\\\/08\\\/aK_Plocher_Waldboden.pdf\",\"wpOptions\":\"true\"}; if(window.DFLIP && DFLIP.parseBooks){DFLIP.parseBooks();}<\/script><\/h3><\/div> <\/div><\/div> <\/div><div  data-label=\"About\" data-id=\"about--1\" data-export-id=\"about-9\" data-category=\"about\" class=\"about-9 content-section content-section-spacing\" id=\"about-1\" style=\"background-color: rgb(255, 255, 255);\"><div  class=\"gridContainer\"> <div  class=\"row middle-sm text-center\"><div  class=\"col-sm-5 space-bottom-xs content-column content-right-sm\" data-type=\"column\">  <h2  class=\"\">Anwendung im Forst<\/h2> <p  class=\"\">Maschinelles Ausbringen im Forst mit einer Gebl\u00e4sespritze.<br ><br >Reichweite: 40 \u2013 50 m (200 l\/ha)<\/p> <\/div> <div  class=\"col-sm-7 flexbox flexbox middle-xs center-xs space-bottom-xs\"><div  class=\"overlay-box flexbox middle-xs center-xs overlay-holder \"> <div  class=\"overlay-box-offset offset-background shadow-medium bg-color2 hide-xs\"><\/div> <img  decoding=\"async\" class=\"flexbox shadow-large img1\" src=\"https:\/\/plocher-forst.de\/wp-content\/uploads\/2020\/11\/cropped-teaserbox_12576533.jpg\" data-size=\"600x400\" alt=\"\" title=\"cropped-teaserbox_12576533.jpg\"><\/div> <\/div><\/div> <\/div><\/div>","protected":false},"excerpt":{"rendered":"<p>Aufforstung Nachhaltigkeit \u2013 dieser Begriff wurde vor 200 Jahren in der Forstwirtschaft gepr\u00e4gt. Heute ist das Prinzip gesetzlich verankert.Geben Sie den Jungb\u00e4umen beste Startbedingungen mit \u2026 die PLOCHER-Produkte unterst\u00fctzen dabei nachhaltig! Baumpflege Baumpflege = Bodenpflege = WurzelpflegeF\u00fcr die Baumvitalit\u00e4t ist der Sauerstoffgehalt im Boden ein wesentlicher Faktor, denn unter 12 % Sauerstoff f\u00fchrt bereits zur&hellip; <br \/> <a class=\"read-more\" href=\"https:\/\/plocher-forst.de\/\">Weiterlesen<\/a><\/p>\n","protected":false},"author":1,"featured_media":0,"parent":0,"menu_order":0,"comment_status":"closed","ping_status":"closed","template":"page-templates\/homepage.php","meta":{"footnotes":""},"class_list":["post-32","page","type-page","status-publish","hentry"],"yoast_head":"<!-- This site is optimized with the Yoast SEO plugin v23.2 - https:\/\/yoast.com\/wordpress\/plugins\/seo\/ -->\n<title>PLOCHER Forst, Waldpflege, Baumpflege, Forstwirtschaft - PLOCHER Forst<\/title>\n<meta name=\"description\" content=\"PLOCHER Forst, Wald und Forstwirtschaft. PLOCHER Produkte f\u00fcr den Wald gegen Waldsterben. PLOCHER im Wald, Forst und zur Baumpflege. Baum.\" \/>\n<meta name=\"robots\" content=\"index, follow, max-snippet:-1, max-image-preview:large, max-video-preview:-1\" \/>\n<link rel=\"canonical\" href=\"https:\/\/plocher-forst.de\/\" \/>\n<meta property=\"og:locale\" content=\"de_DE\" \/>\n<meta property=\"og:type\" content=\"article\" \/>\n<meta property=\"og:title\" content=\"PLOCHER Forst, Waldpflege, Baumpflege, Forstwirtschaft - PLOCHER Forst\" \/>\n<meta property=\"og:description\" content=\"PLOCHER Forst, Wald und Forstwirtschaft. PLOCHER Produkte f\u00fcr den Wald gegen Waldsterben. PLOCHER im Wald, Forst und zur Baumpflege. Baum.\" \/>\n<meta property=\"og:url\" content=\"https:\/\/plocher-forst.de\/\" \/>\n<meta property=\"og:site_name\" content=\"PLOCHER Forst\" \/>\n<meta property=\"article:modified_time\" content=\"2024-08-19T14:13:23+00:00\" \/>\n<meta property=\"og:image\" content=\"https:\/\/plocher-forst.de\/wp-content\/uploads\/2020\/11\/cropped-teaserbox_10952989.png\" \/>\n<meta name=\"twitter:card\" content=\"summary_large_image\" \/>\n<meta name=\"twitter:label1\" content=\"Gesch\u00e4tzte Lesezeit\" \/>\n\t<meta name=\"twitter:data1\" content=\"3\u00a0Minuten\" \/>\n<script type=\"application\/ld+json\" class=\"yoast-schema-graph\">{\"@context\":\"https:\/\/schema.org\",\"@graph\":[{\"@type\":\"WebPage\",\"@id\":\"https:\/\/plocher-forst.de\/\",\"url\":\"https:\/\/plocher-forst.de\/\",\"name\":\"PLOCHER Forst, Waldpflege, Baumpflege, Forstwirtschaft - PLOCHER Forst\",\"isPartOf\":{\"@id\":\"https:\/\/plocher-forst.de\/#website\"},\"primaryImageOfPage\":{\"@id\":\"https:\/\/plocher-forst.de\/#primaryimage\"},\"image\":{\"@id\":\"https:\/\/plocher-forst.de\/#primaryimage\"},\"thumbnailUrl\":\"https:\/\/plocher-forst.de\/wp-content\/uploads\/2020\/11\/cropped-teaserbox_10952989.png\",\"datePublished\":\"2020-11-09T09:12:38+00:00\",\"dateModified\":\"2024-08-19T14:13:23+00:00\",\"description\":\"PLOCHER Forst, Wald und Forstwirtschaft. PLOCHER Produkte f\u00fcr den Wald gegen Waldsterben. PLOCHER im Wald, Forst und zur Baumpflege. Baum.\",\"breadcrumb\":{\"@id\":\"https:\/\/plocher-forst.de\/#breadcrumb\"},\"inLanguage\":\"de\",\"potentialAction\":[{\"@type\":\"ReadAction\",\"target\":[\"https:\/\/plocher-forst.de\/\"]}]},{\"@type\":\"ImageObject\",\"inLanguage\":\"de\",\"@id\":\"https:\/\/plocher-forst.de\/#primaryimage\",\"url\":\"https:\/\/plocher-forst.de\/wp-content\/uploads\/2020\/11\/cropped-teaserbox_10952989.png\",\"contentUrl\":\"https:\/\/plocher-forst.de\/wp-content\/uploads\/2020\/11\/cropped-teaserbox_10952989.png\",\"width\":900,\"height\":599},{\"@type\":\"BreadcrumbList\",\"@id\":\"https:\/\/plocher-forst.de\/#breadcrumb\",\"itemListElement\":[{\"@type\":\"ListItem\",\"position\":1,\"name\":\"Startseite\",\"item\":\"https:\/\/plocher-forst.de\/\"},{\"@type\":\"ListItem\",\"position\":2,\"name\":\"PLOCHER Forst, Waldpflege, Baumpflege, Forstwirtschaft\"}]},{\"@type\":\"WebSite\",\"@id\":\"https:\/\/plocher-forst.de\/#website\",\"url\":\"https:\/\/plocher-forst.de\/\",\"name\":\"PLOCHER Forst\",\"description\":\"PLOCHER Einsatz im Wald!\",\"publisher\":{\"@id\":\"https:\/\/plocher-forst.de\/#organization\"},\"potentialAction\":[{\"@type\":\"SearchAction\",\"target\":{\"@type\":\"EntryPoint\",\"urlTemplate\":\"https:\/\/plocher-forst.de\/?s={search_term_string}\"},\"query-input\":\"required name=search_term_string\"}],\"inLanguage\":\"de\"},{\"@type\":\"Organization\",\"@id\":\"https:\/\/plocher-forst.de\/#organization\",\"name\":\"PLOCHER GmbH Forst\",\"url\":\"https:\/\/plocher-forst.de\/\",\"logo\":{\"@type\":\"ImageObject\",\"inLanguage\":\"de\",\"@id\":\"https:\/\/plocher-forst.de\/#\/schema\/logo\/image\/\",\"url\":\"http:\/\/plocher-forst.de\/wp-content\/uploads\/2022\/01\/logo.jpg\",\"contentUrl\":\"http:\/\/plocher-forst.de\/wp-content\/uploads\/2022\/01\/logo.jpg\",\"width\":1500,\"height\":300,\"caption\":\"PLOCHER GmbH Forst\"},\"image\":{\"@id\":\"https:\/\/plocher-forst.de\/#\/schema\/logo\/image\/\"}}]}<\/script>\n<!-- \/ Yoast SEO plugin. -->","yoast_head_json":{"title":"PLOCHER Forst, Waldpflege, Baumpflege, Forstwirtschaft - PLOCHER Forst","description":"PLOCHER Forst, Wald und Forstwirtschaft. PLOCHER Produkte f\u00fcr den Wald gegen Waldsterben. PLOCHER im Wald, Forst und zur Baumpflege. Baum.","robots":{"index":"index","follow":"follow","max-snippet":"max-snippet:-1","max-image-preview":"max-image-preview:large","max-video-preview":"max-video-preview:-1"},"canonical":"https:\/\/plocher-forst.de\/","og_locale":"de_DE","og_type":"article","og_title":"PLOCHER Forst, Waldpflege, Baumpflege, Forstwirtschaft - PLOCHER Forst","og_description":"PLOCHER Forst, Wald und Forstwirtschaft. PLOCHER Produkte f\u00fcr den Wald gegen Waldsterben. PLOCHER im Wald, Forst und zur Baumpflege. Baum.","og_url":"https:\/\/plocher-forst.de\/","og_site_name":"PLOCHER Forst","article_modified_time":"2024-08-19T14:13:23+00:00","og_image":[{"url":"https:\/\/plocher-forst.de\/wp-content\/uploads\/2020\/11\/cropped-teaserbox_10952989.png"}],"twitter_card":"summary_large_image","twitter_misc":{"Gesch\u00e4tzte Lesezeit":"3\u00a0Minuten"},"schema":{"@context":"https:\/\/schema.org","@graph":[{"@type":"WebPage","@id":"https:\/\/plocher-forst.de\/","url":"https:\/\/plocher-forst.de\/","name":"PLOCHER Forst, Waldpflege, Baumpflege, Forstwirtschaft - PLOCHER Forst","isPartOf":{"@id":"https:\/\/plocher-forst.de\/#website"},"primaryImageOfPage":{"@id":"https:\/\/plocher-forst.de\/#primaryimage"},"image":{"@id":"https:\/\/plocher-forst.de\/#primaryimage"},"thumbnailUrl":"https:\/\/plocher-forst.de\/wp-content\/uploads\/2020\/11\/cropped-teaserbox_10952989.png","datePublished":"2020-11-09T09:12:38+00:00","dateModified":"2024-08-19T14:13:23+00:00","description":"PLOCHER Forst, Wald und Forstwirtschaft. PLOCHER Produkte f\u00fcr den Wald gegen Waldsterben. PLOCHER im Wald, Forst und zur Baumpflege. Baum.","breadcrumb":{"@id":"https:\/\/plocher-forst.de\/#breadcrumb"},"inLanguage":"de","potentialAction":[{"@type":"ReadAction","target":["https:\/\/plocher-forst.de\/"]}]},{"@type":"ImageObject","inLanguage":"de","@id":"https:\/\/plocher-forst.de\/#primaryimage","url":"https:\/\/plocher-forst.de\/wp-content\/uploads\/2020\/11\/cropped-teaserbox_10952989.png","contentUrl":"https:\/\/plocher-forst.de\/wp-content\/uploads\/2020\/11\/cropped-teaserbox_10952989.png","width":900,"height":599},{"@type":"BreadcrumbList","@id":"https:\/\/plocher-forst.de\/#breadcrumb","itemListElement":[{"@type":"ListItem","position":1,"name":"Startseite","item":"https:\/\/plocher-forst.de\/"},{"@type":"ListItem","position":2,"name":"PLOCHER Forst, Waldpflege, Baumpflege, Forstwirtschaft"}]},{"@type":"WebSite","@id":"https:\/\/plocher-forst.de\/#website","url":"https:\/\/plocher-forst.de\/","name":"PLOCHER Forst","description":"PLOCHER Einsatz im Wald!","publisher":{"@id":"https:\/\/plocher-forst.de\/#organization"},"potentialAction":[{"@type":"SearchAction","target":{"@type":"EntryPoint","urlTemplate":"https:\/\/plocher-forst.de\/?s={search_term_string}"},"query-input":"required name=search_term_string"}],"inLanguage":"de"},{"@type":"Organization","@id":"https:\/\/plocher-forst.de\/#organization","name":"PLOCHER GmbH Forst","url":"https:\/\/plocher-forst.de\/","logo":{"@type":"ImageObject","inLanguage":"de","@id":"https:\/\/plocher-forst.de\/#\/schema\/logo\/image\/","url":"http:\/\/plocher-forst.de\/wp-content\/uploads\/2022\/01\/logo.jpg","contentUrl":"http:\/\/plocher-forst.de\/wp-content\/uploads\/2022\/01\/logo.jpg","width":1500,"height":300,"caption":"PLOCHER GmbH Forst"},"image":{"@id":"https:\/\/plocher-forst.de\/#\/schema\/logo\/image\/"}}]}},"_links":{"self":[{"href":"https:\/\/plocher-forst.de\/index.php?rest_route=\/wp\/v2\/pages\/32","targetHints":{"allow":["GET"]}}],"collection":[{"href":"https:\/\/plocher-forst.de\/index.php?rest_route=\/wp\/v2\/pages"}],"about":[{"href":"https:\/\/plocher-forst.de\/index.php?rest_route=\/wp\/v2\/types\/page"}],"author":[{"embeddable":true,"href":"https:\/\/plocher-forst.de\/index.php?rest_route=\/wp\/v2\/users\/1"}],"replies":[{"embeddable":true,"href":"https:\/\/plocher-forst.de\/index.php?rest_route=%2Fwp%2Fv2%2Fcomments&post=32"}],"version-history":[{"count":32,"href":"https:\/\/plocher-forst.de\/index.php?rest_route=\/wp\/v2\/pages\/32\/revisions"}],"predecessor-version":[{"id":128,"href":"https:\/\/plocher-forst.de\/index.php?rest_route=\/wp\/v2\/pages\/32\/revisions\/128"}],"wp:attachment":[{"href":"https:\/\/plocher-forst.de\/index.php?rest_route=%2Fwp%2Fv2%2Fmedia&parent=32"}],"curies":[{"name":"wp","href":"https:\/\/api.w.org\/{rel}","templated":true}]}}